 9770.
2, 5, 977
What are the prime factors of 725?
5, 29
What are the prime factors of 1456?
2, 7, 13
List the prime factors of 80583.
3, 26861
List the prime factors of 30120.
2, 3, 5, 251
List the prime factors of 167.
167
List the prime factors of 48689.
181, 269
List the prime factors of 727.
727
What are the prime factors of 73831?
17, 43, 101
What are the prime factors of 52997?
7, 67, 113
What are the prime factors of 18175?
5, 727
List the prime factors of 101886.
2, 3, 16981
What are the prime factors of 349?
349
What are the prime factors of 12616?
2, 19, 83
What are the prime factors of 346?
2, 173
What are the prime factors of 6930?
2, 3, 5, 7, 11
List the prime factors of 384.
2, 3
List the prime factors of 7857.
3, 97
What are the prime factors of 6152?
2, 769
What are the prime factors of 93262?
2, 13, 17, 211
What are the prime factors of 986?
2, 17, 29
List the prime factors of 36896.
2, 1153
What are the prime factors of 7022?
2, 3511
List the prime factors of 17021.
17021
List the prime factors of 4728.
2, 3, 197
What are the prime factors of 1096?
2, 137
What are the prime factors of 235?
5, 47
List the prime factors of 1293.
3, 431
List the prime factors of 8837.
8837
What are the prime factors of 67584?
2, 3, 11
List the prime factors of 26274.
2, 3, 29, 151
What are the prime factors of 1292?
2, 17, 19
List the prime factors of 6629.
7, 947
What are the prime factors of 6611?
11, 601
List the prime factors of 46752.
2, 3, 487
What are the prime factors of 6840?
2, 3, 5, 19
List the prime factors of 2975.
5, 7, 17
List the prime factors of 659.
659
List the prime factors of 3872.
2, 11
List the prime factors of 90840.
2, 3, 5, 757
List the prime factors of 1876.
2, 7, 67
What are the prime factors of 15020?
2, 5, 751
List the prime factors of 8353.
8353
What are the prime factors of 31685?
5, 6337
List the prime factors of 3895.
5, 19, 41
What are the prime factors of 2551?
2551
List the prime factors of 5811.
3, 13, 149
List the prime factors of 1317.
3, 439
List the prime factors of 1306.
2, 653
What are the prime factors of 3546?
2, 3, 197
List the prime factors of 28632.
2, 3, 1193
What are the prime factors of 18630?
2, 3, 5, 23
List the prime factors of 31375.
5, 251
List the prime factors of 3671.
3671
What are the prime factors of 281?
281
What are the prime factors of 39701?
29, 37
What are the prime factors of 305?
5, 61
List the prime factors of 94.
2, 47
What are the prime factors of 18855?
3, 5, 419
What are the prime factors of 15271?
15271
What are the prime factors of 13251?
3, 7, 631
List the prime factors of 35162.
2, 17581
List the prime factors of 3473.
23, 151
List the prime factors of 1311.
3, 19, 23
What are the prime factors of 1127?
7, 23
What are the prime factors of 4716?
2, 3, 131
List the prime factors of 103.
103
List the prime factors of 18118.
2, 9059
What are the prime factors of 8459?
11, 769
List the prime factors of 9185.
5, 11, 167
List the prime factors of 1069.
1069
List the prime factors of 537.
3, 179
List the prime factors of 18640.
2, 5, 233
What are the prime factors of 4292?
2, 29, 37
List the prime factors of 23186.
2, 11593
What are the prime factors of 879?
3, 293
What are the prime factors of 17957?
17957
List the prime factors of 772.
2, 193
What are the prime factors of 4185?
3, 5, 31
List the prime factors of 9385.
5, 1877
List the prime factors of 663.
3, 13, 17
List the prime factors of 5962.
2, 11, 271
What are the prime factors of 910?
2, 5, 7, 13
What are the prime factors of 4753?
7, 97
List the prime factors of 19174.
2, 9587
What are the prime factors of 2247?
3, 7, 107
What are the prime factors of 288?
2, 3
List the prime factors of 5806.
2, 2903
What are the prime factors of 13069?
7, 1867
What are the prime factors of 11052?
2, 3, 307
What are the prime factors of 6897?
3, 11, 19
List the prime factors of 151919.
43, 3533
What are the prime factors of 18390?
2, 3, 5, 613
List the prime factors of 25753.
7, 13, 283
What are the prime factors of 869?
11, 79
List the prime factors of 1823.
1823
List the prime factors of 4174.
2, 2087
List the prime factors of 2367.
3, 263
What are the prime factors of 11539?
11, 1049
List the prime factors of 915.
3, 5, 61
List the prime factors of 34471.
34471
List the prime factors of 4930.
2, 5, 17, 29
What are the prime factors of 39253?
17, 2309
List the prime factors of 7965.
3, 5, 59
What are the prime factors of 6574?
2, 19, 173
What are the prime factors of 8400?
2, 3, 5, 7
What are the prime factors of 5425?
5, 7, 31
What are the prime factors of 299?
13, 23
What are the prime factors of 25364?
2, 17, 373
What are the prime factors of 564?
2, 3, 47
List the prime factors of 1406.
2, 19, 37
What are the prime factors of 4661?
59, 79
What are the prime factors of 117611?
13, 83, 109
What are the prime factors of 75117?
3, 7, 73
List the prime factors of 2433.
3, 811
List the prime factors of 17948.
2, 7, 641
What are the prime factors of 445?
5, 89
List the prime factors of 27527.
27527
What are the prime factors of 19546?
2, 29, 337
List the prime factors of 9089.
61, 149
List the prime factors of 3403.
41, 83
List the prime factors of 38196.
2, 3, 1061
List the prime factors of 23742.
2, 3, 1319
List the prime factors of 4726.
2, 17, 139
What are the prime factors of 54529?
31, 1759
What are the prime factors of 152?
2, 19
List the prime factors of 4762.
2, 2381
What are the prime factors of 42492?
2, 3, 3541
List the prime factors of 9394.
2, 7, 11, 61
What are the prime factors of 99874?
2, 49937
What are the prime factors of 1335?
3, 5, 89
List the prime factors of 5014.
2, 23, 109
List the prime factors of 624.
2, 3, 13
List the prime factors of 48266.
2, 24133
List the prime factors of 28949.
28949
List the prime factors of 3074.
2, 29, 53
List the prime factors of 3539.
3539
What are the prime factors of 49751?
13, 43, 89
List the prime factors of 1315.
5, 263
List the prime factors of 3045.
3, 5, 7, 29
What are the prime factors of 29791?
31
What are the prime factors of 5159?
7, 11, 67
What are the prime factors of 4782?
2, 3, 797
List the prime factors of 122605.
5, 7, 31, 113
List the prime factors of 6700.
2, 5, 67
List the prime factors of 1906.
2, 953
What are the prime factors of 317?
317
What are the prime factors of 1701?
3, 7
What are the prime factors of 56551?
11, 53, 97
What are the prime factors of 18430?
2, 5, 19, 97
List the prime factors of 189.
3, 7
What are the prime factors of 3211?
13, 19
List the prime factors of 1764.
2, 3, 7
List the prime factors of 1332.
2, 3, 37
List the prime factors of 1641.
3, 547
What are the prime factors of 5235?
3, 5, 349
What are the prime factors of 6318?
2, 3, 13
List the prime factors of 3557.
3557
What are the prime factors of 54889?
131, 419
What are the prime factors of 1100?
2, 5, 11
What are the prime factors of 4589?
13, 353
List the prime factors of 197.
197
List the prime factors of 1913.
1913
List the prime factors of 758.
2, 379
List the prime factors of 24004.
2, 17, 353
List the prime factors of 48925.
5, 19, 103
List the prime factors of 9087.
3, 13, 233
List the prime factors of 11287.
11287
What are the prime factors of 31963?
31963
What are the prime factors of 3346?
2, 7, 239
List the prime factors of 80.
2, 5
What are the prime factors of 584?
2, 73
List the prime factors of 3219.
3, 29, 37
List the prime factors of 5948.
2, 1487
What are the prime factors of 10711?
10711
What are the prime factors of 1018?
2, 509
List the prime factors of 1930.
2, 5, 193
List the prime factors of 2089.
2089
What are the prime factors of 4817?
4817
List the prime factors of 1089.
3, 11
List the prime factors of 38263.
83, 461
List the prime factors of 16730.
2, 5, 7, 239
What are the prime factors of 63989?
61, 1049
What are the prime factors of 1757?
7, 251
List the prime factors of 7189.
7, 13, 79
What are the prime factors of 428?
2, 107
What are the prime factors of 8219?
8219
List the prime factors of 52549.
7, 7507
What are the prime factors of 2979?
3, 331
List the prime factors of 50787.
3, 11, 19
List the prime factors of 13959.
3, 11, 47
List the prime factors of 573.
3, 191
What are the prime factors of 2012?
2, 503
What are the prime facto